{"id":7,"date":"2025-08-20T11:09:08","date_gmt":"2025-08-20T11:09:08","guid":{"rendered":"https:\/\/bimcluster.net\/?page_id=7"},"modified":"2025-12-17T23:58:20","modified_gmt":"2025-12-17T23:58:20","slug":"home","status":"publish","type":"page","link":"https:\/\/bimcluster.net\/","title":{"rendered":"Home"},"content":{"rendered":"\n<div class=\"wp-block-cover alignfull wp-duotone-unset-1\" style=\"min-height:800px;aspect-ratio:unset;\"><img decoding=\"async\" class=\"wp-block-cover__image-background\" alt=\"\" src=\"https:\/\/bimcluster.net\/wp-content\/themes\/neve\/assets\/img\/starter-content\/neve-hero-2.png\" style=\"object-position:48% 25%\" data-object-fit=\"cover\" data-object-position=\"48% 25%\"\/><span aria-hidden=\"true\" class=\"wp-block-cover__background has-background-dim-0 has-background-dim\"><\/span><div class=\"wp-block-cover__inner-container is-layout-flow wp-block-cover-is-layout-flow\">\n<div class=\"wp-block-columns are-vertically-aligned-center is-layout-flex wp-container-core-columns-is-layout-9d6595d7 wp-block-columns-is-layout-flex\">\n<div class=\"wp-block-column is-vertically-aligned-center is-layout-flow wp-block-column-is-layout-flow\" style=\"padding-right:var(--wp--preset--spacing--20);padding-left:var(--wp--preset--spacing--20);flex-basis:80%\">\n<div style=\"height:80px\" aria-hidden=\"true\" class=\"wp-block-spacer\"><\/div>\n\n\n\n<h1 class=\"wp-block-heading has-text-align-left has-nv-text-dark-bg-color has-text-color\">Entdecken Sie die Vielfalt der BIM-Cluster<\/h1>\n\n\n\n<p class=\"has-text-align-left has-nv-text-dark-bg-color has-text-color\" style=\"font-size:17px\">Ihr \u00dcberblick \u00fcber alle regionalen Cluster zur F\u00f6rderung von Building Information Modeling (BIM) in der Bauwirtschaft.<\/p>\n\n\n\n<div class=\"wp-block-buttons is-horizontal is-content-justification-left is-layout-flex wp-container-core-buttons-is-layout-7e5fce0a wp-block-buttons-is-layout-flex\"><\/div>\n\n\n\n<div style=\"height:129px\" aria-hidden=\"true\" class=\"wp-block-spacer\"><\/div>\n<\/div>\n<\/div>\n<\/div><\/div>\n\n\n\n<div style=\"height:28px\" aria-hidden=\"true\" class=\"wp-block-spacer\"><\/div>\n\n\n<div id=\"metaslider-id-43\" style=\"width: 100%;\" class=\"ml-slider-3-104-0 metaslider metaslider-flex metaslider-43 ml-slider has-onhover-arrows has-dots-nav has-carousel-mode ms-theme-clarity\" role=\"region\" aria-label=\"BIM-Cluster\" data-height=\"300\" data-width=\"300\">\n    <div id=\"metaslider_container_43\">\n        <div id=\"metaslider_43\">\n            <ul aria-live='off' class='slides'>\n                <li style=\"display: none; width: 100%;\" class=\"slide-55 ms-image \" aria-roledescription=\"slide\" data-date=\"2025-08-20 14:50:11\" data-filename=\"6-300x300.png\" data-slide-type=\"image\"><a href=\"https:\/\/bim-cluster-rlp.de\" target=\"_blank\" aria-label=\"BIM-Cluster Rheinland-Pfalz\" class=\"metaslider_image_link\"><img loading=\"lazy\" decoding=\"async\" src=\"https:\/\/bimcluster.net\/wp-content\/uploads\/2025\/08\/6-300x300.png\" height=\"300\" width=\"300\" alt=\"\" class=\"slider-43 slide-55 msDefaultImage\" title=\"BIM-Cluster Rheinland-Pfalz\" \/><\/a><\/li>\n                <li style=\"display: none; width: 100%;\" class=\"slide-56 ms-image \" aria-roledescription=\"slide\" data-date=\"2025-08-20 14:50:11\" data-filename=\"7-300x300.png\" data-slide-type=\"image\"><a href=\"https:\/\/www.bimcluster-bb.de\" target=\"_blank\" aria-label=\"BIM-Cluster Berlin-Brandenburg\" class=\"metaslider_image_link\"><img loading=\"lazy\" decoding=\"async\" src=\"https:\/\/bimcluster.net\/wp-content\/uploads\/2025\/08\/7-300x300.png\" height=\"300\" width=\"300\" alt=\"\" class=\"slider-43 slide-56 msDefaultImage\" title=\"BIM-Cluster Berlin-Brandenburg\" \/><\/a><\/li>\n                <li style=\"display: none; width: 100%;\" class=\"slide-57 ms-image \" aria-roledescription=\"slide\" data-date=\"2025-08-20 14:50:11\" data-filename=\"8-300x300.png\" data-slide-type=\"image\"><a href=\"https:\/\/www.bim-cluster-nds.de\" target=\"_blank\" aria-label=\"BIM-Cluster Niedersachsen\" class=\"metaslider_image_link\"><img loading=\"lazy\" decoding=\"async\" src=\"https:\/\/bimcluster.net\/wp-content\/uploads\/2025\/08\/8-300x300.png\" height=\"300\" width=\"300\" alt=\"\" class=\"slider-43 slide-57 msDefaultImage\" title=\"BIM-Cluster Niedersachsen\" \/><\/a><\/li>\n                <li style=\"display: none; width: 100%;\" class=\"slide-58 ms-image \" aria-roledescription=\"slide\" data-date=\"2025-08-20 14:50:11\" data-filename=\"BIM-Cluster-Bayern-300x300.png\" data-slide-type=\"image\"><a href=\"https:\/\/www.bim.bayern.de\/bim-cluster-bayern\/\" target=\"_blank\" aria-label=\"BIM-Cluster Bayern\" class=\"metaslider_image_link\"><img loading=\"lazy\" decoding=\"async\" src=\"https:\/\/bimcluster.net\/wp-content\/uploads\/2025\/08\/BIM-Cluster-Bayern-300x300.png\" height=\"300\" width=\"300\" alt=\"\" class=\"slider-43 slide-58 msDefaultImage\" title=\"BIM-Cluster Bayern\" \/><\/a><\/li>\n                <li style=\"display: none; width: 100%;\" class=\"slide-59 ms-image \" aria-roledescription=\"slide\" data-date=\"2025-08-20 14:50:11\" data-filename=\"BIM-Cluster-BW-300x300.png\" data-slide-type=\"image\"><a href=\"https:\/\/www.bimcluster.de\" target=\"_blank\" aria-label=\"BIM-Cluster BW\" class=\"metaslider_image_link\"><img loading=\"lazy\" decoding=\"async\" src=\"https:\/\/bimcluster.net\/wp-content\/uploads\/2025\/08\/BIM-Cluster-BW-300x300.png\" height=\"300\" width=\"300\" alt=\"\" class=\"slider-43 slide-59 msDefaultImage\" title=\"BIM-Cluster BW\" \/><\/a><\/li>\n                <li style=\"display: none; width: 100%;\" class=\"slide-63 ms-image \" aria-roledescription=\"slide\" data-date=\"2025-08-20 14:50:11\" data-filename=\"BIM-HUB-Hamburg-300x300.png\" data-slide-type=\"image\"><a href=\"https:\/\/bimhub.hamburg\" target=\"_blank\" aria-label=\"BIM HUB Hamburg\" class=\"metaslider_image_link\"><img loading=\"lazy\" decoding=\"async\" src=\"https:\/\/bimcluster.net\/wp-content\/uploads\/2025\/08\/BIM-HUB-Hamburg-300x300.png\" height=\"300\" width=\"300\" alt=\"\" class=\"slider-43 slide-63 msDefaultImage\" title=\"BIM HUB Hamburg\" \/><\/a><\/li>\n                <li style=\"display: none; width: 100%;\" class=\"slide-60 ms-image \" aria-roledescription=\"slide\" data-date=\"2025-08-20 14:50:11\" data-filename=\"10-scaled-300x300.png\" data-slide-type=\"image\"><a href=\"https:\/\/bim-cluster-hessen.com\" target=\"_blank\" aria-label=\"BIM-Cluster Hessen\" class=\"metaslider_image_link\"><img loading=\"lazy\" decoding=\"async\" src=\"https:\/\/bimcluster.net\/wp-content\/uploads\/2025\/11\/10-scaled-300x300.png\" height=\"300\" width=\"300\" alt=\"\" class=\"slider-43 slide-60 msDefaultImage\" title=\"BIM-Cluster Hessen\" \/><\/a><\/li>\n                <li style=\"display: none; width: 100%;\" class=\"slide-61 ms-image \" aria-roledescription=\"slide\" data-date=\"2025-08-20 14:50:11\" data-filename=\"BIM-Cluster-NRW-300x300.png\" data-slide-type=\"image\"><a href=\"https:\/\/bim-cluster-nrw.de\" target=\"_blank\" aria-label=\"BIM-Cluster NRW\" class=\"metaslider_image_link\"><img loading=\"lazy\" decoding=\"async\" src=\"https:\/\/bimcluster.net\/wp-content\/uploads\/2025\/08\/BIM-Cluster-NRW-300x300.png\" height=\"300\" width=\"300\" alt=\"\" class=\"slider-43 slide-61 msDefaultImage\" title=\"BIM-Cluster NRW\" \/><\/a><\/li>\n                <li style=\"display: none; width: 100%;\" class=\"slide-62 ms-image \" aria-roledescription=\"slide\" data-date=\"2025-08-20 14:50:11\" data-filename=\"BIM-Cluster_Sachsen_Anhalt-300x300.png\" data-slide-type=\"image\"><a href=\"https:\/\/www.bim-cluster-sachsen-anhalt.de\" target=\"_blank\" aria-label=\"BIM-Cluster Sachsen-Anhalt\" class=\"metaslider_image_link\"><img loading=\"lazy\" decoding=\"async\" src=\"https:\/\/bimcluster.net\/wp-content\/uploads\/2025\/09\/BIM-Cluster_Sachsen_Anhalt-300x300.png\" height=\"300\" width=\"300\" alt=\"\" class=\"slider-43 slide-62 msDefaultImage\" title=\"BIM-Cluster Sachsen-Anhalt\" \/><\/a><\/li>\n                <li style=\"display: none; width: 100%;\" class=\"slide-308 ms-image \" aria-roledescription=\"slide\" data-date=\"2025-10-23 16:42:56\" data-filename=\"11-scaled-300x300.png\" data-slide-type=\"image\"><a href=\"https:\/\/www.ingenieurkammer-mv.de\/bim-cluster-m-v\/\" target=\"_blank\" aria-label=\"BIM-Cluster MV\" class=\"metaslider_image_link\"><img loading=\"lazy\" decoding=\"async\" src=\"https:\/\/bimcluster.net\/wp-content\/uploads\/2025\/11\/11-scaled-300x300.png\" height=\"300\" width=\"300\" alt=\"\" class=\"slider-43 slide-308 msDefaultImage\" title=\"BIM-Cluster MV\" \/><\/a><\/li>\n                <li style=\"display: none; width: 100%;\" class=\"slide-311 ms-image \" aria-roledescription=\"slide\" data-date=\"2025-11-20 12:59:52\" data-filename=\"BIM-scaled-300x300.png\" data-slide-type=\"image\"><a href=\"https:\/\/www.innovation-ausbau.de\" target=\"_blank\" aria-label=\"Innovation Ausbau\" class=\"metaslider_image_link\"><img loading=\"lazy\" decoding=\"async\" src=\"https:\/\/bimcluster.net\/wp-content\/uploads\/2025\/11\/BIM-scaled-300x300.png\" height=\"300\" width=\"300\" alt=\"\" class=\"slider-43 slide-311 msDefaultImage\" title=\"Innovation Ausbau\" \/><\/a><\/li>\n            <\/ul>\n        <\/div>\n        \n    <\/div>\n<\/div>\n\n\n\n<div class=\"wp-block-cover alignfull\" style=\"min-height:600px;aspect-ratio:unset;\"><span aria-hidden=\"true\" class=\"wp-block-cover__background has-nv-text-dark-bg-background-color has-background-dim-80 has-background-dim\"><\/span><div class=\"wp-block-cover__inner-container is-layout-flow wp-block-cover-is-layout-flow\">\n<div class=\"wp-block-group\"><div class=\"wp-block-group__inner-container is-layout-flow wp-block-group-is-layout-flow\">\n<div style=\"height:42px\" aria-hidden=\"true\" class=\"wp-block-spacer\"><\/div>\n\n\n\n<h2 class=\"wp-block-heading\"><\/h2>\n\n\n\n<div class=\"wp-block-columns is-layout-flex wp-container-core-columns-is-layout-9d6595d7 wp-block-columns-is-layout-flex\">\n<div class=\"wp-block-column is-layout-flow wp-block-column-is-layout-flow\" style=\"flex-basis:100%\">\n<div class=\"wp-block-group is-vertical is-content-justification-center is-layout-flex wp-container-core-group-is-layout-4b2eccd6 wp-block-group-is-layout-flex\">\n<h2 class=\"wp-block-heading has-text-align-center has-neve-text-color-color has-text-color has-link-color has-large-font-size wp-elements-4f199afd02cbd5c7cda4c5ffdc38caa4\">DIGITALES BAUEN <mark style=\"background-color:rgba(0, 0, 0, 0)\" class=\"has-inline-color has-neve-link-color-color\">&#8211; GEMEINSAM. EFFIZIENT. ZUKUNFTSORIENTIERT.<\/mark><\/h2>\n<\/div>\n<\/div>\n<\/div>\n\n\n\n<div style=\"height:0px\" aria-hidden=\"true\" class=\"wp-block-spacer\"><\/div>\n<\/div><\/div>\n\n\n\n<div class=\"wp-block-columns is-layout-flex wp-container-core-columns-is-layout-abbe5815 wp-block-columns-is-layout-flex\" style=\"padding-top:0;padding-right:0;padding-bottom:0;padding-left:0\">\n<div class=\"wp-block-column is-layout-flow wp-block-column-is-layout-flow\">\n<figure class=\"wp-block-image size-large has-custom-border is-style-rounded wp-duotone-unset-2\"><img loading=\"lazy\" decoding=\"async\" width=\"2560\" height=\"1920\" src=\"https:\/\/bimcluster.net\/wp-content\/uploads\/2025\/08\/shutterstock_2133114945-edited-scaled.jpg\" alt=\"\" class=\"wp-image-155\" style=\"border-radius:27px\" srcset=\"https:\/\/bimcluster.net\/wp-content\/uploads\/2025\/08\/shutterstock_2133114945-edited-scaled.jpg 2560w, https:\/\/bimcluster.net\/wp-content\/uploads\/2025\/08\/shutterstock_2133114945-edited-300x225.jpg 300w, https:\/\/bimcluster.net\/wp-content\/uploads\/2025\/08\/shutterstock_2133114945-edited-1024x768.jpg 1024w, https:\/\/bimcluster.net\/wp-content\/uploads\/2025\/08\/shutterstock_2133114945-edited-768x576.jpg 768w, https:\/\/bimcluster.net\/wp-content\/uploads\/2025\/08\/shutterstock_2133114945-edited-1536x1152.jpg 1536w, https:\/\/bimcluster.net\/wp-content\/uploads\/2025\/08\/shutterstock_2133114945-edited-2048x1536.jpg 2048w\" sizes=\"auto, (max-width: 2560px) 100vw, 2560px\" \/><\/figure>\n<\/div>\n\n\n\n<div class=\"wp-block-column is-vertically-aligned-center is-layout-flow wp-block-column-is-layout-flow\">\n<p class=\"has-medium-font-size\"><mark style=\"background-color:rgba(0, 0, 0, 0)\" class=\"has-inline-color has-nv-dark-bg-color\">Das <\/mark><strong><mark style=\"background-color:rgba(0, 0, 0, 0)\" class=\"has-inline-color has-neve-link-color-color\">BIM-Cluster Deutschland<\/mark><\/strong><mark style=\"background-color:rgba(0, 0, 0, 0)\" class=\"has-inline-color has-nv-dark-bg-color\"> ist eine <\/mark><strong><mark style=\"background-color:rgba(0, 0, 0, 0)\" class=\"has-inline-color has-neve-link-color-color\">zentrale Plattform f\u00fcr die Vernetzung der selbst\u00e4ndigen BIM-Cluster<\/mark><\/strong><mark style=\"background-color:rgba(0, 0, 0, 0)\" class=\"has-inline-color has-nv-dark-bg-color\"> in Deutschland. Die Plattform hat zum <\/mark><strong><mark style=\"background-color:rgba(0, 0, 0, 0)\" class=\"has-inline-color has-neve-link-color-color\">Ziel, die Arbeit der einzelnen BIM-Cluster zu vernetzen und zu koordinieren.<\/mark><\/strong><mark style=\"background-color:rgba(0, 0, 0, 0)\" class=\"has-inline-color has-nv-dark-bg-color\"> Gleichzeitig fungiert sie als gemeinsame Dachstruktur, welche die Verbindung zu Politik, Verwaltung und Verb\u00e4nden auf Bundesebene herstellt und die Kommunikation erleichtert.<\/mark><\/p>\n<\/div>\n<\/div>\n<\/div><\/div>\n\n\n\n<div style=\"height:55px\" aria-hidden=\"true\" class=\"wp-block-spacer\"><\/div>\n\n\n\n<div class=\"wp-block-cover alignfull has-nv-text-dark-bg-color has-text-color has-link-color wp-elements-b623d89bf3270fad7467adc9a735096e\" style=\"min-height:420px;aspect-ratio:unset;\"><span aria-hidden=\"true\" class=\"wp-block-cover__background has-nv-dark-bg-background-color has-background-dim-100 has-background-dim\"><\/span><div class=\"wp-block-cover__inner-container is-layout-flow wp-block-cover-is-layout-flow\">\n<div style=\"height:80px\" aria-hidden=\"true\" class=\"wp-block-spacer\"><\/div>\n\n\n\n<div class=\"wp-block-columns is-layout-flex wp-container-core-columns-is-layout-9d6595d7 wp-block-columns-is-layout-flex\">\n<div class=\"wp-block-column ticss-a5b4df29 is-layout-flow wp-block-column-is-layout-flow\">\n<div style=\"height:24px\" aria-hidden=\"true\" class=\"wp-block-spacer\"><\/div>\n\n\n\n<p class=\"has-text-align-center has-nv-text-dark-bg-color has-text-color\"><style>\r\n\r\n#wpsm_counter_b_row_168 .wpsm_counterbox\r\n{\r\n\ttext-align:center;\r\n\tmargin-top:50px;\r\n\tmargin-bottom:50px;\r\n}\r\n#wpsm_counter_b_row_168 .wpsm_counterbox .wpsm_count-icon{\r\n\tdisplay:block;\r\n\tmargin-top:20px;\r\n\tpadding-top:0px;\r\n\tpadding-bottom:0px;\r\n\tmargin-bottom:0px;\r\n\tmargin:0 auto;\r\n}\r\n#wpsm_counter_b_row_168 .wpsm_counterbox .wpsm_count-icon i{\r\n\tfont-size:59px;\r\n\tcolor:#ffffff;\r\n}\r\n#wpsm_counter_b_row_168 .wpsm_counterbox .wpsm_number{\r\n\tfont-size:50px;\r\n\tfont-weight:400;\r\n\tcolor:#ffffff;\r\n\tfont-family:'Arial';\r\n\tletter-spacing:2px;\r\n\tmargin-top:20px;\r\n\tline-height: 1.3em;\r\n\tpadding-top:0px;\r\n\tpadding-bottom:0px;\r\n\tmargin-bottom:0px;\r\n}\r\n#wpsm_counter_b_row_168 .wpsm_counterbox .wpsm_count-title{\r\n    font-size:18px;\r\n\tfont-weight:bolder;\r\n\tfont-family:'Arial';\r\n\tletter-spacing:2px;\r\n    color: #ffffff;\r\n\tfont-weight:400;\r\n\tmargin-top:20px;\r\n\tpadding-top:0px;\r\n\tpadding-bottom:0px;\r\n\tmargin-bottom:0px;\r\n\tline-height: 1.3em;\r\n}\r\n\r\n<\/style> \r\n\t\t \r\n\t\t\r\n\t\t<style>\r\n\t\t#wpsm_counter_b_row_168\t\t\t{\r\n\t\t\t\t\r\n\t\t\t\tposition:relative;\r\n\t\t\t\twidth:100%;\r\n\t\t\t\toverflow:hidden;\r\n\t\t\t\ttext-align:center;\r\n\t\t\t}\r\n\t\t\t \r\n\t\t\t#wpsm_counter_b_row_168 .wpsm_row{\r\n\t\t\toverflow:hidden;\r\n\t\t\tdisplay:block;\r\n\t\t\twidth:100%;\r\n\t\t\t} \r\n\t\t\t \r\n\t\t\t#wpsm_counter_b_row_168 .wpsm_row{\r\n\t\t\toverflow:visible;\r\n\t\t\t} \r\n\t\t\t \r\n\t\t\t#wpsm_counter_b_row_168 .wpsm_counterbox .wpsm_count-title{\r\n\t\t\tmin-height:56px;\r\n\t\t\t}}\r\n\t\t\t \r\n\t\t<\/style>\r\n\t\t\r\n\t\t<div class=\"wpsm_counter_b_row\" id=\"wpsm_counter_b_row_168\">\r\n\t\t\t<div>\r\n\t\t\t\t<div class=\"wpsm_row\">\r\n\t\t\r\n\t\t\t\t\t\t<div class=\"wpsm_col-md-3 wpsm_col-sm-6\">\r\n\t\t\t\t\t<div class=\"wpsm_counterbox\">\r\n\t\t\t\t\t\t \r\n\t\t\t\t\t\t<div class=\"wpsm_count-icon\"><i #ffffff class=\"fa fa-group\"><\/i><\/div>\r\n\t\t\t\t\t\t\t\t\t\t\t\t<div class=\"wpsm_number\" style=\"#ffffff\" >\r\n\t\t\t\t\t\t   <span class=\"counter\">9\t\t\t\t\t\t   <\/span>\r\n\t\t\t\t\t\t    \r\n\t\t\t\t\t    <\/div>\r\n\t\t\t\t\t\t<h3 class=\"wpsm_count-title\" #ffffff> Regionale Cluster<\/h3>\r\n\t\t\t\t\t\t \r\n\t\t\t\t\t<\/div>\r\n\t\t\t\t<\/div>\r\n\t\t\t\t\t\t\t\t\t<div class=\"wpsm_col-md-3 wpsm_col-sm-6\">\r\n\t\t\t\t\t<div class=\"wpsm_counterbox\">\r\n\t\t\t\t\t\t \r\n\t\t\t\t\t\t<div class=\"wpsm_count-icon\"><i #ffffff class=\"fa fa-connectdevelop\"><\/i><\/div>\r\n\t\t\t\t\t\t\t\t\t\t\t\t<div class=\"wpsm_number\" style=\"#ffffff\" >\r\n\t\t\t\t\t\t   <span class=\"counter\">500\t\t\t\t\t\t   <\/span>\r\n\t\t\t\t\t\t    \r\n\t\t\t\t\t    <\/div>\r\n\t\t\t\t\t\t<h3 class=\"wpsm_count-title\" #ffffff> Unternehmen im Netzwerk<\/h3>\r\n\t\t\t\t\t\t \r\n\t\t\t\t\t<\/div>\r\n\t\t\t\t<\/div>\r\n\t\t\t\t\t\t\t\t\t<div class=\"wpsm_col-md-3 wpsm_col-sm-6\">\r\n\t\t\t\t\t<div class=\"wpsm_counterbox\">\r\n\t\t\t\t\t\t \r\n\t\t\t\t\t\t<div class=\"wpsm_count-icon\"><i #ffffff class=\"fa fa-calendar-check-o\"><\/i><\/div>\r\n\t\t\t\t\t\t\t\t\t\t\t\t<div class=\"wpsm_number\" style=\"#ffffff\" >\r\n\t\t\t\t\t\t   <span class=\"counter\">20\t\t\t\t\t\t   <\/span>\r\n\t\t\t\t\t\t    \r\n\t\t\t\t\t    <\/div>\r\n\t\t\t\t\t\t<h3 class=\"wpsm_count-title\" #ffffff> Veranstaltungen &amp; Initiativen pro Jahr<\/h3>\r\n\t\t\t\t\t\t \r\n\t\t\t\t\t<\/div>\r\n\t\t\t\t<\/div>\r\n\t\t\t\t\t\t\t\t\t<div class=\"wpsm_col-md-3 wpsm_col-sm-6\">\r\n\t\t\t\t\t<div class=\"wpsm_counterbox\">\r\n\t\t\t\t\t\t \r\n\t\t\t\t\t\t<div class=\"wpsm_count-icon\"><i #ffffff class=\"fa fa-bullseye\"><\/i><\/div>\r\n\t\t\t\t\t\t\t\t\t\t\t\t<div class=\"wpsm_number\" style=\"#ffffff\" >\r\n\t\t\t\t\t\t   <span class=\"counter\">1\t\t\t\t\t\t   <\/span>\r\n\t\t\t\t\t\t    \r\n\t\t\t\t\t    <\/div>\r\n\t\t\t\t\t\t<h3 class=\"wpsm_count-title\" #ffffff> Gemeinsames Ziel: Digitalisierung im Bauwesen<\/h3>\r\n\t\t\t\t\t\t \r\n\t\t\t\t\t<\/div>\r\n\t\t\t\t<\/div>\r\n\t\t\t\t\t\t<\/div>\r\n\t\t\t<div class=\"wpsm_row\">\r\n\t\t\t\t\t\t\r\n\t\t\t<\/div>\t\t\t\t<\/div>\r\n\t\t<\/div>\r\n\t\t\r\n\t<\/p>\n\n\n\n<div style=\"height:20px\" aria-hidden=\"true\" class=\"wp-block-spacer\"><\/div>\n<\/div>\n<\/div>\n\n\n\n<div style=\"height:0px\" aria-hidden=\"true\" class=\"wp-block-spacer\"><\/div>\n<\/div><\/div>\n\n\n\n<p><\/p>\n","protected":false},"excerpt":{"rendered":"","protected":false},"author":1,"featured_media":0,"parent":0,"menu_order":0,"comment_status":"closed","ping_status":"closed","template":"","meta":{"neve_meta_sidebar":"","neve_meta_container":"","neve_meta_enable_content_width":"on","neve_meta_content_width":100,"neve_meta_title_alignment":"","neve_meta_author_avatar":"","neve_post_elements_order":"","neve_meta_disable_header":"","neve_meta_disable_footer":"","neve_meta_disable_title":"on","footnotes":""},"class_list":["post-7","page","type-page","status-publish","hentry"],"_links":{"self":[{"href":"https:\/\/bimcluster.net\/index.php?rest_route=\/wp\/v2\/pages\/7","targetHints":{"allow":["GET"]}}],"collection":[{"href":"https:\/\/bimcluster.net\/index.php?rest_route=\/wp\/v2\/pages"}],"about":[{"href":"https:\/\/bimcluster.net\/index.php?rest_route=\/wp\/v2\/types\/page"}],"author":[{"embeddable":true,"href":"https:\/\/bimcluster.net\/index.php?rest_route=\/wp\/v2\/users\/1"}],"replies":[{"embeddable":true,"href":"https:\/\/bimcluster.net\/index.php?rest_route=%2Fwp%2Fv2%2Fcomments&post=7"}],"version-history":[{"count":57,"href":"https:\/\/bimcluster.net\/index.php?rest_route=\/wp\/v2\/pages\/7\/revisions"}],"predecessor-version":[{"id":324,"href":"https:\/\/bimcluster.net\/index.php?rest_route=\/wp\/v2\/pages\/7\/revisions\/324"}],"wp:attachment":[{"href":"https:\/\/bimcluster.net\/index.php?rest_route=%2Fwp%2Fv2%2Fmedia&parent=7"}],"curies":[{"name":"wp","href":"https:\/\/api.w.org\/{rel}","templated":true}]}}